{"id":407,"date":"2017-02-07T18:29:42","date_gmt":"2017-02-07T17:29:42","guid":{"rendered":"http:\/\/192.168.2.151\/wordpress\/?page_id=407"},"modified":"2017-02-07T18:29:42","modified_gmt":"2017-02-07T17:29:42","slug":"traeger-und-gepaeck-fuer-die-classic-efi","status":"publish","type":"page","link":"https:\/\/www.sowahome.de\/WordPress\/zwei-raeder\/classic-500-efi\/traeger-und-gepaeck-fuer-die-classic-efi\/","title":{"rendered":"Tr\u00e4ger und Gep\u00e4ck"},"content":{"rendered":"<p>\t\t\t\tHin und wieder ist es ganz praktisch, wenn man Kleinigkeiten wie Wasserflasche, Kettenspray, Powerbank oder sonstigen n\u00fctzlichen Kleinkram im Tankrucksack unterbringen kann. Bei der Suche nach einem Rucksack mit Riemenbefestigung wurde ich bei SW-Motech und der Gep\u00e4ckserie Legend Gear f\u00fcndig. Der LT2, dazu noch die LA3-Tasche f\u00fcr das Smartphone, wurden angeschafft.<\/p>\nngg_shortcode_0_placeholder\n<p>&nbsp;<\/p>\n<p>Da sicher nicht ganz auszuschlie\u00dfen ist, dass die Enfield f\u00fcr den einen oder anderen Trip \u00fcber ein Wochenende oder auch l\u00e4nger genutzt werden wird, dr\u00e4ngte sich die Anschaffung eines Tr\u00e4gersystems auf. Kriterium war die Nutzbarkeit meiner Ortlieb-Taschen, wodurch die Auswahl auf wenige Produkte reduziert war. Das Kostenbewusstsein hat mich veranlasst, das GIVI-Tr\u00e4gersystem und den Gep\u00e4cktr\u00e4ger bei Hitchcocks Motorcycles in England zu ordern. Es wurde z\u00fcgig geliefert und war schnell angebaut &#8211; nachdem ich f\u00fcr die untere hintere Befestigung noch im Fachhandel andere Schrauben und Muttern als die mitgelieferten besorgt und verwendet habe.<\/p>\nngg_shortcode_1_placeholder\n<p>&nbsp;<\/p>\n<p>So ausger\u00fcstet steht einer Tour mit der Enfield eigentlich nichts mehr im Wege &#8211; h\u00f6chstens das aktuelle Wetter mit viel Regen und maximal 4\u00b0 Celsius.\t\t<\/p>\n","protected":false},"excerpt":{"rendered":"<p>Hin und wieder ist es ganz praktisch, wenn man Kleinigkeiten wie Wasserflasche, Kettenspray, Powerbank oder sonstigen n\u00fctzlichen Kleinkram im Tankrucksack unterbringen kann. Bei der Suche nach einem Rucksack mit Riemenbefestigung wurde ich bei SW-Motech und der Gep\u00e4ckserie Legend Gear f\u00fcndig. Der LT2, dazu noch die LA3-Tasche f\u00fcr das Smartphone, wurden angeschafft. &nbsp; Da sicher nicht &hellip; <a href=\"https:\/\/www.sowahome.de\/WordPress\/zwei-raeder\/classic-500-efi\/traeger-und-gepaeck-fuer-die-classic-efi\/\" class=\"more-link\"><span class=\"screen-reader-text\">\u201eTr\u00e4ger und Gep\u00e4ck\u201c <\/span>weiterlesen<\/a><\/p>\n","protected":false},"author":1,"featured_media":0,"parent":389,"menu_order":0,"comment_status":"closed","ping_status":"closed","template":"","meta":{"_crdt_document":"","ngg_post_thumbnail":0,"footnotes":""},"class_list":["post-407","page","type-page","status-publish","hentry"],"_links":{"self":[{"href":"https:\/\/www.sowahome.de\/WordPress\/wp-json\/wp\/v2\/pages\/407","targetHints":{"allow":["GET"]}}],"collection":[{"href":"https:\/\/www.sowahome.de\/WordPress\/wp-json\/wp\/v2\/pages"}],"about":[{"href":"https:\/\/www.sowahome.de\/WordPress\/wp-json\/wp\/v2\/types\/page"}],"author":[{"embeddable":true,"href":"https:\/\/www.sowahome.de\/WordPress\/wp-json\/wp\/v2\/users\/1"}],"replies":[{"embeddable":true,"href":"https:\/\/www.sowahome.de\/WordPress\/wp-json\/wp\/v2\/comments?post=407"}],"version-history":[{"count":0,"href":"https:\/\/www.sowahome.de\/WordPress\/wp-json\/wp\/v2\/pages\/407\/revisions"}],"up":[{"embeddable":true,"href":"https:\/\/www.sowahome.de\/WordPress\/wp-json\/wp\/v2\/pages\/389"}],"wp:attachment":[{"href":"https:\/\/www.sowahome.de\/WordPress\/wp-json\/wp\/v2\/media?parent=407"}],"curies":[{"name":"wp","href":"https:\/\/api.w.org\/{rel}","templated":true}]}}