{"id":139,"date":"2016-04-20T15:54:06","date_gmt":"2016-04-20T13:54:06","guid":{"rendered":"http:\/\/192.168.2.151\/wordpress\/?page_id=139"},"modified":"2016-04-20T15:54:06","modified_gmt":"2016-04-20T13:54:06","slug":"sturzbuegel","status":"publish","type":"page","link":"https:\/\/www.sowahome.de\/WordPress\/zwei-raeder\/tiger-800-xc\/sturzbuegel\/","title":{"rendered":"Sturzb\u00fcgel"},"content":{"rendered":"<p>\t\t\t\tDie Auswahl der Sturzb\u00fcgel ist mir durch viele kompetente Beitr\u00e4ge im Tigerhome-Forum leicht gemacht worden, es sind die von Givi geworden. Auch wenn der Anbau eine ziemlich fummelige Angelegenheit war &#8211; und das Credo zum richtigen Werkzeug seine Best\u00e4tigung fand -, war die Sache doch in annehmbarer Zeit erledigt, weil die Teile perfekt passten. \u00dcbrigens wurde die S\u00fcnde des Verkantens sofort bestraft und man begeht sie beim Anbau h\u00f6chstens einmal.<\/p>\nngg_shortcode_0_placeholder\n<p>&nbsp;<\/p>\n<p>Zu meinem Erstaunen wurde ich in Dortmund auf der Messe im M\u00e4rz 2016 auf der Suche nach Sturzb\u00fcgeltaschen bei Givi nicht f\u00fcndig. Es wurden dann die Drybag 80 von SW-Motech, in die Regenhose und -jacke exakt hineinpassen.\t\t<\/p>\n","protected":false},"excerpt":{"rendered":"<p>Die Auswahl der Sturzb\u00fcgel ist mir durch viele kompetente Beitr\u00e4ge im Tigerhome-Forum leicht gemacht worden, es sind die von Givi geworden. Auch wenn der Anbau eine ziemlich fummelige Angelegenheit war &#8211; und das Credo zum richtigen Werkzeug seine Best\u00e4tigung fand -, war die Sache doch in annehmbarer Zeit erledigt, weil die Teile perfekt passten. \u00dcbrigens &hellip; <a href=\"https:\/\/www.sowahome.de\/WordPress\/zwei-raeder\/tiger-800-xc\/sturzbuegel\/\" class=\"more-link\"><span class=\"screen-reader-text\">\u201eSturzb\u00fcgel\u201c <\/span>weiterlesen<\/a><\/p>\n","protected":false},"author":1,"featured_media":0,"parent":29,"menu_order":0,"comment_status":"closed","ping_status":"closed","template":"","meta":{"_crdt_document":"","ngg_post_thumbnail":0,"footnotes":""},"class_list":["post-139","page","type-page","status-publish","hentry"],"_links":{"self":[{"href":"https:\/\/www.sowahome.de\/WordPress\/wp-json\/wp\/v2\/pages\/139","targetHints":{"allow":["GET"]}}],"collection":[{"href":"https:\/\/www.sowahome.de\/WordPress\/wp-json\/wp\/v2\/pages"}],"about":[{"href":"https:\/\/www.sowahome.de\/WordPress\/wp-json\/wp\/v2\/types\/page"}],"author":[{"embeddable":true,"href":"https:\/\/www.sowahome.de\/WordPress\/wp-json\/wp\/v2\/users\/1"}],"replies":[{"embeddable":true,"href":"https:\/\/www.sowahome.de\/WordPress\/wp-json\/wp\/v2\/comments?post=139"}],"version-history":[{"count":0,"href":"https:\/\/www.sowahome.de\/WordPress\/wp-json\/wp\/v2\/pages\/139\/revisions"}],"up":[{"embeddable":true,"href":"https:\/\/www.sowahome.de\/WordPress\/wp-json\/wp\/v2\/pages\/29"}],"wp:attachment":[{"href":"https:\/\/www.sowahome.de\/WordPress\/wp-json\/wp\/v2\/media?parent=139"}],"curies":[{"name":"wp","href":"https:\/\/api.w.org\/{rel}","templated":true}]}}