{"id":129,"date":"2016-04-20T15:17:33","date_gmt":"2016-04-20T13:17:33","guid":{"rendered":"http:\/\/192.168.2.151\/wordpress\/?page_id=129"},"modified":"2016-04-20T15:17:33","modified_gmt":"2016-04-20T13:17:33","slug":"koffersystem","status":"publish","type":"page","link":"https:\/\/www.sowahome.de\/WordPress\/zwei-raeder\/tiger-800-xc\/koffersystem\/","title":{"rendered":"Koffersystem"},"content":{"rendered":"<p>\t\t\t\tMir war bei der Beschaffung eines Koffersystems wichtig, dass ich die Moto QL2 von Ortlieb als Alternative f\u00fcr andere Gelegenheiten als l\u00e4ngere Reisen nutzen kann. Nach einigen Recherchen habe ich mich f\u00fcr die Nomada Pro von Holan entschieden, die mit wenig Aufwand auf die Fehling-Tr\u00e4ger passten. Hinzu kommt, dass sie sehr gut verarbeitet und preislich recht attraktiv sind.<\/p>\nngg_shortcode_0_placeholder\n<p>&nbsp;<\/p>\n<p>Mit rechts 31 und links 38 Litern geht die Breite des Systems nicht \u00fcber die Lenkerbreite der Tiger 800 XC hinaus.\t\t<\/p>\n","protected":false},"excerpt":{"rendered":"<p>Mir war bei der Beschaffung eines Koffersystems wichtig, dass ich die Moto QL2 von Ortlieb als Alternative f\u00fcr andere Gelegenheiten als l\u00e4ngere Reisen nutzen kann. Nach einigen Recherchen habe ich mich f\u00fcr die Nomada Pro von Holan entschieden, die mit wenig Aufwand auf die Fehling-Tr\u00e4ger passten. Hinzu kommt, dass sie sehr gut verarbeitet und preislich &hellip; <a href=\"https:\/\/www.sowahome.de\/WordPress\/zwei-raeder\/tiger-800-xc\/koffersystem\/\" class=\"more-link\"><span class=\"screen-reader-text\">\u201eKoffersystem\u201c <\/span>weiterlesen<\/a><\/p>\n","protected":false},"author":1,"featured_media":0,"parent":29,"menu_order":0,"comment_status":"closed","ping_status":"closed","template":"","meta":{"_crdt_document":"","ngg_post_thumbnail":0,"footnotes":""},"class_list":["post-129","page","type-page","status-publish","hentry"],"_links":{"self":[{"href":"https:\/\/www.sowahome.de\/WordPress\/wp-json\/wp\/v2\/pages\/129","targetHints":{"allow":["GET"]}}],"collection":[{"href":"https:\/\/www.sowahome.de\/WordPress\/wp-json\/wp\/v2\/pages"}],"about":[{"href":"https:\/\/www.sowahome.de\/WordPress\/wp-json\/wp\/v2\/types\/page"}],"author":[{"embeddable":true,"href":"https:\/\/www.sowahome.de\/WordPress\/wp-json\/wp\/v2\/users\/1"}],"replies":[{"embeddable":true,"href":"https:\/\/www.sowahome.de\/WordPress\/wp-json\/wp\/v2\/comments?post=129"}],"version-history":[{"count":0,"href":"https:\/\/www.sowahome.de\/WordPress\/wp-json\/wp\/v2\/pages\/129\/revisions"}],"up":[{"embeddable":true,"href":"https:\/\/www.sowahome.de\/WordPress\/wp-json\/wp\/v2\/pages\/29"}],"wp:attachment":[{"href":"https:\/\/www.sowahome.de\/WordPress\/wp-json\/wp\/v2\/media?parent=129"}],"curies":[{"name":"wp","href":"https:\/\/api.w.org\/{rel}","templated":true}]}}